test common factor of 1318626 and 7479.
27
Calculate the highest common factor of 34101540 and 80.
20
Calculate the greatest common divisor of 9559900 and 2240.
140
What is the greatest common factor of 21627 and 271809?
27
What is the highest common divisor of 2931936 and 4608?
96
Calculate the highest common divisor of 359844 and 352204.
764
What is the greatest common factor of 6686892 and 48?
12
What is the highest common divisor of 73787 and 41726258?
581
Calculate the highest common divisor of 1323 and 297129.
21
What is the greatest common factor of 1269996 and 212829?
3489
What is the highest common factor of 2141402842 and 29802?
9934
What is the greatest common factor of 1552 and 3989376?
16
What is the highest common divisor of 402 and 9303486?
402
What is the greatest common divisor of 11960 and 12935?
65
What is the greatest common factor of 46170264 and 185976?
6888
What is the greatest common divisor of 394082 and 22295?
13
What is the greatest common divisor of 24660 and 1740174?
822
Calculate the highest common factor of 2241 and 155186511.
249
What is the highest common divisor of 42031 and 463?
1
Calculate the greatest common factor of 14 and 790546358.
14
What is the greatest common factor of 45540 and 727551?
99
Calculate the highest common factor of 66259147 and 16494.
2749
Calculate the highest common divisor of 20296 and 3989816.
472
Calculate the greatest common divisor of 1255500 and 77562.
558
Calculate the highest common factor of 6129 and 18849853.
227
Calculate the highest common factor of 71111887 and 196.
49
Calculate the greatest common divisor of 16912 and 1922834.
302
What is the highest common factor of 81814747 and 1193?
1193
What is the greatest common divisor of 56885991 and 662?
331
Calculate the highest common divisor of 1228 and 2622701.
307
Calculate the highest common factor of 4536 and 226824.
24
Calculate the highest common divisor of 319090 and 4250.
170
Calculate the greatest common factor of 596689376 and 228.
76
Calculate the greatest common divisor of 2416513 and 121.
11
Calculate the highest common divisor of 874465072 and 48.
16
What is the highest common divisor of 5454358 and 1288?
322
Calculate the greatest common divisor of 56536 and 111000.
296
What is the greatest common divisor of 2038052296 and 4361?
4361
What is the highest common divisor of 109309 and 16017?
281
What is the highest common divisor of 95017925 and 50?
25
Calculate the highest common factor of 13546058 and 1081.
47
Calculate the highest common divisor of 1585456 and 65893.
503
What is the greatest common factor of 1744 and 155107?
109
What is the greatest common factor of 1306129 and 1?
1
Calculate the highest common factor of 94026435 and 955.
955
Calculate the highest common divisor of 186000724 and 310960.
15548
Calculate the greatest common divisor of 21465 and 301941.
1431
Calculate the highest common divisor of 3354 and 200282433.
1677
What is the greatest common divisor of 22824 and 221241908?
1268
Calculate the greatest common divisor of 56227213 and 7.
7
What is the highest common divisor of 227779783 and 4312?
539
What is the highest common divisor of 60096 and 1140885?
939
Calculate the greatest common factor of 198715 and 3860.
5
What is the highest common divisor of 32860018 and 1654?
1654
What is the greatest common factor of 7124758 and 90018?
3334
What is the highest common factor of 4970 and 345699?
71
Calculate the greatest common factor of 8003 and 206417.
151
What is the highest common factor of 481360 and 5555?
55
Calculate the highest common factor of 56119600 and 16200.
200
Calculate the highest common factor of 4003 and 708575033.
4003
Calculate the greatest common divisor of 292558500 and 2925.
2925
What is the highest common divisor of 94950 and 62543565?
9495
What is the greatest common factor of 246 and 14669677?
41
Calculate the greatest common factor of 129743541 and 204.
51
Calculate the highest common factor of 364005 and 38760.
15
What is the highest common divisor of 73374744 and 108?
12
What is the highest common divisor of 18 and 132347604?
6
Calculate the greatest common divisor of 10693 and 49543.
37
Calculate the greatest common divisor of 389982 and 258.
6
Calculate the highest common factor of 270057282 and 132.
66
Calculate the greatest common factor of 5250 and 69655110.
210
Calculate the greatest common divisor of 44 and 16466714.
22
Calculate the greatest common factor of 7434 and 1222948755.
3717
What is the highest common factor of 24119571 and 21?
21
What is the greatest common factor of 5727920 and 53770?
2830
Calculate the highest common divisor of 77273 and 117551.
49
Calculate the highest common factor of 103792 and 63856.
208
Calculate the highest common factor of 2646 and 258660.
54
Calculate the greatest common divisor of 1794805 and 33235.
115
Calculate the highest common factor of 401903370 and 540.
270
Calculate the highest common divisor of 9 and 150656616.
9
What is the greatest common factor of 307910 and 1913798?
82
Calculate the greatest common divisor of 29871 and 30474.
9
Calculate the highest common divisor of 294527607 and 209.
209
Calculate the highest common factor of 456337937 and 11.
11
Calculate the greatest common factor of 1180 and 488594340.
1180
Calculate the highest common divisor of 453 and 10873208.
151
Calculate the highest common factor of 224393307 and 258.
129
Calculate the highest common divisor of 1051920 and 790.
10
Calculate the greatest common factor of 1044601 and 665.
19
Calculate the greatest common divisor of 226983008 and 392.
56
Calculate the highest common divisor of 1568 and 1448391.
49
Calculate the highest common factor of 609420 and 5460.
420
Calculate the highest common divisor of 377190 and 228690.
2970
Calculate the highest common factor of 208061240 and 142.
142
Calculate the highest common divisor of 39147874 and 728974.
19702
Calculate the greatest common divisor of 54075 and 37850.
25
What is the greatest common divisor of 14 and 37224551?
7
What is the highest common divisor of 40349400 and 39?
39
What is the greatest common divisor of 45 and 43598955?
15
Calculate the greatest common divisor of 17232454 and 148.
74
Calculate the highest common factor of 250896 and 10030613.
5227
Calculate the highest common divisor of 1647862 and 1308.
218
Calculate the greatest common factor of 1060 and 3241904.
212
What is the highest common factor of 701684 and 1508?
116
Calculate the greatest common divisor of 68 and 45154584.
68
Calculate the highest common factor of 2660 and 367958332.
532
Calculate the greatest common divisor of 130501 and 759934.
721
Calculate the greatest common divisor of 368438 and 8.
2
Calculate the greatest common factor of 14926 and 77911.
17
Calculate the highest common divisor of 450415 and 4591205.
3785
What is the highest common factor of 532 and 154052?
76
Calculate the highest common divisor of 90709828 and 484.
484
Calculate the greatest common divisor of 88176197 and 692.
173
Calculate the highest common divisor of 4266 and 491940.
54
What is the greatest common factor of 321948881 and 139?
139
What is the highest common divisor of 35322 and 4263?
609
Calculate the greatest common divisor of 28 and 48573854.
14
What is the highest common factor of 23285060 and 3140?
20
Calculate the highest common divisor of 69254 and 834399.
1117
Calculate the highest common factor of 125 and 2521425.
25
What is the highest common divisor of 84 and 31715916?
12
Calculate the greatest common factor of 109459238 and 84.
14
Calculate the highest common divisor of 6786 and 128799.
9
Calculate the highest common divisor of 131736 and 108592.
88
Calculate the greatest common divisor of 1228339 and 54197.
379
Calculate the highest common factor of 88319360 and 1280.
640
Calculate the greatest common divisor of 27498 and 2010.
6
What is the greatest common factor of 168 and 5281233384?
168
What is the greatest common divisor of 105420 and 37035?
15
Calculate the greatest common divisor of 165723684 and 28.
28
Calculate the highest common divisor of 33618 and 2.
2
What is the greatest common factor of 627254 and 755?
151
What is the greatest common factor of 865620 and 19530?
630
What is the greatest common fa